o(v) = v**3 + 12*v**2 + v + 10. Let x be o(-12). Let r be 2/x*2 - 0. Calculate the remainder when 6/r*(-130)/15 is divided by 7.
5
Let l(a) = -a**2 - 4*a + 1. Let u be l(-4). Suppose 5*r + u = 146. Let m(t) = -t**3 - 3*t**2 + 8*t + 6. What is the remainder when r is divided by m(-5)?
13
Let h(v) = 38*v - 1. Let x(p) = -p**3 - 8*p**2 - 5*p - 10. Let y be x(-7). Let r be 3/(-21) - y/21. What is the remainder when h(r) is divided by 13?
11
Suppose 3*p = 4*p + 2. Let u be p*(3 - (1 + 3)). What is the remainder when 59 is divided by (5*u)/(10/20)?
19
Let d = 3 + 16. Let x be 2/4 - 1/(-2). Suppose 4*b + x = 149. Calculate the remainder when b is divided by d.
18
Calculate the remainder when (27/(-15))/(((-81)/390)/9) is divided by 40.
38
Suppose 0*p + 890 = 5*p. Suppose -4*u = -60 - 84. Calculate the remainder when p is divided by u.
34
Suppose -752 = -15*b + 118. Calculate the remainder when 233 is divided by b.
1
Suppose 15 = -5*j, 0 = -0*k + k - 4*j - 22. Let l be 16/(-6)*-2*(-54)/(-48). Suppose -3*a - 12 = -l*a. Calculate the remainder when k is divided by a.
2
Suppose 0 = -s + i + 7, 3*i = -4*s + 14 + 42. Suppose -y + 102 = y. What is the remainder when y is divided by s?
7
Calculate the remainder when 2700 is divided by (-2)/(-5) - 9801/(-135).
72
Let m be (3/2)/(12/16). What is the remainder when m/3 - (-68)/6 is divided by 4/(-7)*644/(-46)?
4
Suppose 4 = -2*n + 5*j, n = -3*j - 4 + 13. Suppose -n*c = 15, 0*y - 4*c = 2*y - 232. Suppose 0 = -4*v + y - 14. What is the remainder when v is divided by 10?
8
Let o(n) = 3*n**2 - 8 - 2*n**2 + 14 + 8*n + 5. Calculate the remainder when 12 is divided by o(-7).
0
Suppose 3*s = -27 - 75. Let n = 113 + s. Calculate the remainder when n is divided by 17.
11
Let j be 64/(-11) + (-10)/55. Let f be (j + 0)/((-6)/(-8)). Let o = f - -26. What is the remainder when 71 is divided by o?
17
Suppose -8 = -2*i, -2*p + 3*p = 3*i. Suppose 29*h = 28*h + 3. Suppose 8*l - 4*l = 2*a + 88, h*l - 66 = 2*a. What is the remainder when l is divided by p?
10
Let v(q) = q**3 - 5*q - 2. Let l be v(-2). Suppose l = 3*g - 177 - 156. Let f = g - 38. Calculate the remainder when f is divided by 19.
16
What is the remainder when 366 is divided by (-64)/(-416) + ((-128)/(-13) - 2)?
6
Suppose 26*i + 100 = 28*i. What is the remainder when 103 is divided by i?
3
Calculate the remainder when 457 is divided by (-32)/12*(-1656)/48.
89
Suppose -6*w = -1327 + 97. Calculate the remainder when w is divided by 10.
5
Suppose 2*c = -5*l + 12, 3*c + 2 = 5*c. Suppose 6*r = 4*i + l*r - 124, 0 = -2*i - r + 50. What is the remainder when i is divided by 14?
13
Let w(b) = 2*b**2 - 4*b - 6. Let j be w(3). Suppose j = 14*h - 9*h - l - 53, -4*h - l = -46. What is the remainder when 41 is divided by h?
8
Let w be (4/(-10))/((-24)/40)*3. Suppose -5*i = 3*s + s - 109, 74 = 4*s - w*i. What is the remainder when 145 is divided by s?
19
Suppose 4*y - 792 = -4*y. Let m = -48 + y. Calculate the remainder when m is divided by 19.
13
Suppose -h + 22 = 3*w + 3, 0 = 4*h + 4*w - 76. Calculate the remainder when h is divided by 8.
3
Suppose 0 = -64*s + 62*s + 58. What is the remainder when 82 is divided by s?
24
Let s(f) be the second derivative of -8*f**3/3 + 9*f**2/2 + 6*f. Calculate the remainder when s(-4) is divided by -1*(1 - 6)*5.
23
Suppose 15 - 7 = a. Let z be 18/(-3 + a - 3). Suppose -z*h + 11*h - 4 = 0. What is the remainder when 5 is divided by h?
1
Suppose 2*u - c - 136 = c, 4*u - 5*c - 273 = 0. Let v be (-17 - -3)/(-1) - -1. Let q = 32 - v. What is the remainder when u is divided by q?
16
Suppose 2*f - s = 636 + 442, 5*s - 2695 = -5*f. Calculate the remainder when f is divided by 60.
59
Suppose -78 = 3*w - 9*w. Calculate the remainder when 63 is divided by w.
11
Let p(l) = 19 - 5 + 12*l + 4*l**2 - 10*l - 4*l**3 + 5*l**3. What is the remainder when p(4) is divided by 51?
48
Let v = 755 - 638. What is the remainder when v is divided by 8?
5
Suppose 1036*s - 1040*s + 92 = 0. Let r(k) = -k**3 + 7*k**2 - 2*k - 7. Let v be r(6). Calculate the remainder when (5 - (0 + 1))*v is divided by s.
22
Let q(o) = 14*o**2 + o + 3. Calculate the remainder when q(-2) is divided by ((-12)/10)/(2/(-50)).
27
Suppose 0*t + 2*t = -o + 31, -2*t + o = -29. Let g = 28 - t. What is the remainder when 24 is divided by g?
11
Suppose 3*d + 35 = 5*v, 4*v + 3*d + 4 = -d. Suppose p - 21 = -3*c + 2*p, -p + 35 = v*c. What is the remainder when c is divided by 6?
2
Let r(f) = f**2 + 3*f - 5. Let c be r(-5). Suppose -n = -c*n + 16. Let k = 24 - 10. Calculate the remainder when k is divided by n.
2
Let u be (-8 - 3)*(3 - 4). Suppose u*o = 4*o + 182. Calculate the remainder when o is divided by 14.
12
Let n = -16 - -34. Suppose -5*i + 86 = -v, 3*i + 2*i - 90 = 5*v. Let w = i - 12. Calculate the remainder when n is divided by w.
3
Suppose -m + 0*m = 0. Suppose 5*g - 151 = -m*g + p, 0 = 3*g - 3*p - 81. What is the remainder when g is divided by 16?
15
Let r(f) be the second derivative of 5*f**4/12 + f**3/3 + f. What is the remainder when r(3) is divided by (-2)/(-5) + 567/45?
12
Suppose -2*l + 254 = -856. Calculate the remainder when l is divided by 80.
75
Let u(p) = -p + 1. Let c be u(-3). Suppose c = 3*z + 2*i, z + 4*z - 15 = -5*i. What is the remainder when z + -1 + 0 + 6 is divided by 1?
0
Suppose -3*d + 36 + 0 = 0. Suppose d*i = 8*i + 40. What is the remainder when 18 is divided by i?
8
Suppose -2*x = 2*i - 20, 4*i + 9 = 21. Calculate the remainder when (0 - -3*9) + 0 is divided by x.
6
What is the remainder when ((-2)/6)/(80/(-23040)) is divided by 50?
46
Suppose 5*u + 54 = 764. Suppose -u = -6*k + 38. What is the remainder when k is divided by 6?
0
Suppose -27 = -6*k + 7*k. Let p(f) = f**2 + 29*f + 61. Calculate the remainder when 10 is divided by p(k).
3
Let y be (-160)/(-20) + 1 + -5. Suppose -29 = -3*j + 1. Calculate the remainder when (-2)/y + (-231)/(-6) is divided by j.
8
Suppose 22*j = 2364 + 56. Calculate the remainder when 328 is divided by j.
108
Suppose -8*z + 1359 = 111. Calculate the remainder when z is divided by 18.
12
Let p = 327 + -189. Suppose 3*i = 3*g + 90, -3*i - 55 = -5*i + 3*g. Calculate the remainder when p is divided by i.
33
Let r(n) = n**2 - 11*n + 63. What is the remainder when 130 is divided by r(10)?
24
Let c(u) = 6*u - 8. Suppose t = -t + 8. Let d be 1 + (-3)/(-3) + t. Calculate the remainder when c(d) is divided by 10.
8
Let x = -4 + -15. Let b = x + 27. Calculate the remainder when 24 is divided by b.
0
Let u(p) = p**2 - 3*p + 1. Let y(m) = m**2 + 20*m + 24. Let z be y(-19). Calculate the remainder when 31 is divided by u(z).
9
Let y(x) = -x**2 + 2*x + 2. Let n be y(-2). Let b be ((-4)/n)/(3/288). Suppose 6*l - b = 14. Calculate the remainder when l is divided by 4.
1
Let m(j) = 4*j - 6. Let r = -19 - -29. Suppose 5 = -r*c + 11*c. What is the remainder when 26 is divided by m(c)?
12
Suppose -n = 5*k - 75, -21 = -k + 3*n - 2*n. Suppose 6*r - 60 = r. What is the remainder when (-18)/r*122/(-3) is divided by k?
13
Let d = 36 - 38. Let q(j) = 26*j**2 + 1. Let f be q(d). Let r = -52 + f. What is the remainder when r is divided by 28?
25
Let p(z) = -z**3 + 9*z**2 - 11*z + 28. Calculate the remainder when 12 is divided by p(8).
0
Suppose -71 = -2*s + 93. What is the remainder when s is divided by 14/((15/15)/(2 + 1))?
40
Let s(w) = w**2 - w - 4. Let z be s(0). What is the remainder when (1/z + 3)*8 is divided by 13?
9
Let p(o) = 4*o + 37. Let l be p(-25). Let x = -14 - l. What is the remainder when x is divided by 17?
15
Let i be 10/(-15) - 14/(-3). Suppose 4*p = -5*n + 188, p - 4*n - 194 = -i*p. Calculate the remainder when (-1)/(-6) - (-1715)/p is divided by 22.
19
Let w be -3*(-12)/(-9) + 9. Suppose -o - w*o = -162. Calculate the remainder when (-3)/(-12) + (-311)/(-4) is divided by o.
24
Let h(d) = -d**2 - d + 1. Let m be h(-4). Let o = -356 - -350. What is the remainder when 51 is divided by 18/5*(o - m)?
15
Let i = -83 - -78. Let p = i - -22. Calculate the remainder when 32 is divided by p.
15
Let v(d) = -66*d - 2. What is the remainder when v(-2) is divided by (-332)/(-10) + 3/120*-8?
31
Suppose -3*g + 2*v - 4*v = -351, 572 = 5*g - v. Let x = g - 48. What is the remainder when x is divided by 17?
16
Suppose 5*l + t = 35, 2*l - 5 = 2*t - 3. Suppose 4*r + 48